t is -176 + 3?
-173
In base 8, what is -5 + -1110?
-1115
In base 16, what is 4 + f2?
f6
In base 7, what is 5 - -53?
61
In base 2, what is 1111 + 11001110?
11011101
In base 10, what is -3550 - 5?
-3555
In base 14, what is b + -17?
-a
In base 14, what is -1c3 + 28?
-199
In base 16, what is -286 - 10?
-296
In base 15, what is 0 + 71?
71
In base 4, what is 2200231 - -2?
2200233
In base 13, what is -7a + 15?
-65
In base 15, what is -833 - -5?
-82d
In base 7, what is 26 - 1?
25
In base 15, what is 110 + 3?
113
In base 8, what is -371 - -4?
-365
In base 7, what is 6336 + 3?
6342
In base 10, what is 0 - 7152?
-7152
In base 9, what is 3120 + -3?
3116
In base 9, what is -517 + 21?
-486
In base 9, what is 5743 - -2?
5745
In base 10, what is 3 + -6849?
-6846
In base 14, what is 3 - -60?
63
In base 4, what is 3 - -213?
222
In base 12, what is 1 - 52?
-51
In base 8, what is 3 - 54?
-51
In base 12, what is 65 + 3?
68
In base 15, what is -76 + -96?
-11c
In base 3, what is -11111201 + 11?
-11111120
In base 6, what is 2 - -450?
452
In base 13, what is 4 - -33?
37
In base 2, what is 1101001101101 - -100?
1101001110001
In base 7, what is 1 + 655?
656
In base 12, what is -279 + 3?
-276
In base 9, what is 24 + 5?
30
In base 14, what is -2d + -13a?
-169
In base 6, what is 100 - 30?
30
In base 5, what is 4 - 100311?
-100302
In base 2, what is -101000111101 - 100?
-101001000001
In base 7, what is 4 + -541?
-534
In base 8, what is 14745 - 3?
14742
In base 4, what is -2 - -10331?
10323
In base 14, what is -9a - 8?
-a4
In base 12, what is -70 - -4?
-68
In base 12, what is a + 192?
1a0
In base 12, what is -1b + 58?
39
In base 3, what is 1102 - -20020?
21122
In base 6, what is 4 + -12155?
-12151
In base 6, what is -30 + 220?
150
In base 16, what is -a60 - -5?
-a5b
In base 16, what is 2 - -1e?
20
In base 6, what is 50 - 12?
34
In base 12, what is a - -12?
20
In base 12, what is 7 + 237?
242
In base 2, what is 100100101100 - 10?
100100101010
In base 5, what is -10 - 142?
-202
In base 9, what is 178 - 5?
173
In base 10, what is -9 - 3?
-12
In base 13, what is 2 - a5?
-a3
In base 9, what is 15 - 14?
1
In base 11, what is -a9 + -4?
-102
In base 6, what is 3 - 15240?
-15233
In base 6, what is -345 + 4?
-341
In base 5, what is -14133 + -1?
-14134
In base 9, what is -257 + 0?
-257
In base 11, what is 319 - 1?
318
In base 12, what is 3 - 505?
-502
In base 15, what is 17 + 2d?
45
In base 3, what is -100 - 111?
-211
In base 2, what is 1 + 101111001100?
101111001101
In base 11, what is -21 + -1?
-22
In base 10, what is 5628 + 2?
5630
In base 13, what is -901 + 1?
-900
In base 16, what is 37 - -123?
15a
In base 12, what is -4ab + -1?
-4b0
In base 13, what is -80 - -3?
-7a
In base 2, what is -100 - -100010100010?
100010011110
In base 10, what is -3 + -64?
-67
In base 8, what is -16 + 1304?
1266
In base 5, what is 2 + -1012?
-1010
In base 9, what is 10 + 3?
13
In base 8, what is -7 + -6156?
-6165
In base 13, what is 0 + 5?
5
In base 10, what is -9303 - 0?
-9303
In base 8, what is -34 - -2106?
2052
In base 4, what is 21 + 111?
132
In base 11, what is 1089 + 4?
1092
In base 14, what is -1239 + -5?
-1240
In base 13, what is 16 + 2?
18
In base 13, what is -60 + 1b?
-42
In base 12, what is -1a6 - -13?
-193
In base 13, what is -15 + -5?
-1a
In base 14, what is 4 - -10?
14
In base 15, what is 28 + -2?
26
In base 12, what is -14419 - 2?
-1441b
In base 2, what is 11101010 - -10001?
11111011
In base 9, what is 1 + 56?
57
In base 8, what is 3 + 24?
27
In base 10, what is 32 - 541?
-509
In base 3, what is -1001 - -111?
-120
In base 6, what is 4 + 2304?
2312
In base 14, what is -bc - 4?
-c2
In base 4, what is 121 + 32?
213
In base 2, what is -100001 + -10000?
-110001
In base 8, what is 7 - -505?
514
In base 13, what is -9a9 - -3?
-9a6
In base 15, what is -11 - 1c?
-2d
In base 11, what is 0 - -56?
56
In base 4, what is 1 + 100113?
100120
In base 13, what is 1 - -1121?
1122
In base 5, what is -131 + -4?
-140
In base 8, what is -3 + -611?
-614
In base 3, what is -12 - -1121222?
1121210
In base 15, what is 1 + -4c?
-4b
In base 4, what is 101 - -1133?
1300
In base 9, what is -768 - 1?
-770
In base 7, what is -10 - -1?
-6
In base 2, what is -110 + 101111100?
101110110
In base 10, what is -3276 + 5?
-3271
In base 6, what is 1 + -21111?
-21110
In base 8, what is -31 + 5?
-24
In base 14, what is 285b + -5?
2856
In base 15, what is -2 - -61e?
61c
In base 14, what is -48 + 0?
-48
In base 10, what is 5 + -22?
-17
In base 14, what is -348 + -4?
-34c
In base 7, what is 36 - 202?
-133
In base 10, what is -1378 - 12?
-1390
In base 4, what is -10 - -11311?
11301
In base 11, what is -8 + 8?
0
In base 3, what is -10 - -1212?
1202
In base 7, what is -263 + 15?
-245
In base 6, what is -2 + 11?
5
In base 2, what is 1000010101 - -100?
1000011001
In base 15, what is 78 + -2?
76
In base 15, what is 0 + -20?
-20
In base 16, what is 5 - 1?
4
In base 2, what is 100 - 1001011000?
-1001010100
In base 7, what is -1204 + -1?
-1205
In base 13, what is -1490 - 0?
-1490
In base 4, what is 1 + 12212?
12213
In base 3, what is -10200 - -10?
-10120
In base 4, what is -1021303 - -11?
-1021232
In base 15, what is -4 - -d12?
d0d
In base 16, what is -a + 17f?
175
In base 15, what is -a85e + 4?
-a85a
In base 12, what is -b7 - -b?
-a8
In base 3, what is -12 - 1202?
-1221
In base 12, what is -1 + 19aa?
19a9
In base 2, what is -111 - -1111?
1000
In base 16, what is 26 - 2c?
-6
In base 8, what is 24 + -26?
-2
In base 9, what is 3327 - 5?
3322
In base 15, what is 2ba - 3?
2b7
In base 16, what is -72 - -13?
-5f
In base 5, what is -304 - 30?
-334
In base 8, what is 666 + -5?
661
In base 2, what is 1 - -10100011?
10100100
In base 3, what is 1 + 102001?
102002
In base 3, what is 0 + -11121110?
-11121110
In base 16, what is 14 + -4?
10
In base 12, what is 69 - 123?
-76
In base 8, what is -13362 - -1?
-13361
In base 7, what is -153 + 110?
-43
In base 2, what is -11010 - -1001?
-10001
In base 14, what is c22 - 1?
c21
In base 6, what is 40520 + -4?
40512
In base 4, what is 1 + -32110?
-32103
In base 10, what is -258 - 6?
-264
In base 13, what is -4 - -1a?
16
In base 11, what is 3 + 62a?
632
In base 12, what is -761 + 10?
-751
In base 3, what is -22211 + -1021?
-101002
In base 5, what is -101 + -13?
-114
In base 13, what is -845 - 3?
-848
In base 10, what is 0 - 21?
-21
In base 16, what is -1 - 43b?
-43c
In base 7, what is -31310 - 2?
-31312
In base 9, what is -1362 + 3?
-1358
In base 11, what is -108 - 39?
-146
In base 10, what is -3 + -157?
-160
In base 11, what is 286 - 5?
281
In base 12, what is 130 + 6?
136
In base 8, what is -451 + 10?
-441
In base 9, what is 4 + 15?
20
In base 2, what is 101000010 - 100?
100111110
In base 7, what is -5 - 5204?
-5212
In base 14, what is -5 + -50?
-55
In base 9, what is 1 - -46?
47
In base 9, what is -8 + 457?
448
In base 12, what is 9 + -b9?
-b0
In base 3, what is -120002 + -12?
-120021
In base 11, what is -19 + -16?
-34
In base 8, what is -5 - -252?
245
In base 15, what is -e58 + 1?
-e57
In base 10, what is -6 - 915?
-921
In base 4, what is 221303 - 10?
221233
In base 12, what is 36 + 0?
36
In base 15, what is 5da2 + -4?
5d9d
In base 9, what is 21767 - 0?
21767
In base 16, what is 6a - -3?
6d
In base 11, what is 1324 + -5?
131a
In base 13, what is -1 - -2?
1
In base 11, what is 339 + -14?
325
In base 14, what is 1 - -c?
d
In base 13, what is 71 + 0?
71
In base 14, what is 1 - 309?
-308
In base 5, what is -101 + 114?
13
In base 13, what is -14847 - -1?
-14846
In base 11, what is -43 + -2?
-45
In base 3, what is 11 - -12202011?
12202022
In base 7, what is 221 - 6?
212
In base 13, what is -11 + 39?
28
In base 6, what is 10 - 15?
-5
In base 9, what is 211 + 10?
221
In base 9, what is -1 + -8831?
-8832
In base 7, what is 4 + 51?
55
In base 3, what is -12 + 220011?
212222
In base 10, what is -1 - 1288?
-1289
In base 14, what is 5 - -552?
557
In base 4, what is -10 - -100303?
100233
In base 3, what is 1000 + 2110?
10110
In base 14, what is -53 + -4?
-57
In base 9, what is 532 + 4?
536
In base 13, what is 5 + -41?
-39
In base 15, what is -148 - 8?
-151
In base 10, what is 2 + 86?
88
In base 14, what is 37b + -4?
377
In base 13, what is -20 - -11?
-c
In base 15, what is 12 + 13?
25
In base 9, what is 457 - -1?
458
In bas